*j + 37226. What is h(85)?
-4
Let w(x) = x**3 + 265*x**2 - 4211*x - 4560. What is w(16)?
0
Let s(i) = i**3 + 259*i**2 - 893*i - 28040. Give s(-262).
-6
Let g(q) = -q**3 + 755*q**2 - 5140*q - 704. Calculate g(7).
-32
Let o(x) = -x**3 - 221*x**2 + 203*x - 4328. What is o(-222)?
-110
Let i(y) = -3436*y + 85990. Determine i(25).
90
Let g(t) = 6600*t - 28629. What is g(4)?
-2229
Let b(l) = 149333*l - 8063979. What is b(54)?
3
Let r(k) = 4*k**2 + 2094*k + 25555. What is r(-511)?
5
Let p(w) = -28578*w + 1428879. Determine p(50).
-21
Let n(z) = 6*z**2 - 668*z + 464. Determine n(111).
242
Let z(g) = -11*g**2 + 94*g + 103. What is z(7)?
222
Let u(v) = -2590*v + 9288. What is u(3)?
1518
Let p(a) = -8*a**2 + 8533*a + 94848. What is p(-11)?
17
Let w(f) = -f**3 + 136*f**2 + 857*f - 1052. Calculate w(142).
-342
Let s(z) = -2251*z - 173221. Calculate s(-77).
106
Let s(t) = 2*t**3 + 200*t**2 + 63*t + 305. Give s(-100).
-5995
Let n(o) = 4*o**3 - 2328*o**2 + 22882*o - 1161. Determine n(572).
-17
Let w(c) = -c**2 + 24988*c - 124919. Calculate w(5).
-4
Let p(i) = i**3 - 159*i**2 + 3470*i - 552. Calculate p(133).
1044
Let t(i) = 26*i**3 + 3123*i**2 + 360*i + 8. Calculate t(-120).
8
Let z(u) = 12*u**2 - 223*u - 1315. Give z(-6).
455
Let z(c) = 21275*c - 42534. Determine z(2).
16
Let m(z) = 4*z**3 - 46*z**2 - 18*z - 58. Give m(12).
14
Let v(y) = 6*y**2 - 52*y + 36. What is v(-7)?
694
Let m(i) = -198759*i + 795026. What is m(4)?
-10
Let l(h) = 2770*h**2 + 7884*h - 1282. Calculate l(-3).
-4
Let c(n) = -22*n**2 + 1610*n + 2939. Determine c(75).
-61
Let m(s) = -9301*s - 7264056. Determine m(-781).
25
Let k(u) = -5102*u + 4693841. Give k(920).
1
Let f(x) = -10*x**2 + 59*x + 374. Determine f(-9).
-967
Let p(o) = -1879*o - 319357. Determine p(-170).
73
Let n(q) = -2*q**2 - 198*q - 3241. Determine n(-69).
899
Let h(s) = -3*s**3 - 50*s**2 - 125*s - 1398. What is h(-16)?
90
Let c(k) = -1317*k**2 - 100*k - 1. Give c(1).
-1418
Let f(t) = t**3 + 9*t**2 + 965*t + 3806. Give f(-4).
26
Let d(u) = -415*u + 5033. Give d(9).
1298
Let n(z) = 11854*z - 3627321. What is n(306)?
3
Let x(r) = 13224*r + 26614. Give x(-2).
166
Let x(f) = -50*f**2 - 25410*f + 20325. Calculate x(-509).
-35
Let g(h) = h**3 - 83*h**2 - 177*h - 37. Calculate g(85).
-632
Let r(i) = -i**3 - 42*i**2 - 776*i - 41033. What is r(-45)?
-38
Let o(i) = 2637*i + 73871. Give o(-28).
35
Let l(k) = 5*k**3 + 77*k**2 + 198*k + 56. Calculate l(-11).
540
Let f(y) = -5638*y - 92196. Give f(-17).
3650
Let r(c) = 2260*c + 203406. Determine r(-90).
6
Let m(j) = -2*j**2 - 356*j + 1835. What is m(5)?
5
Let i(d) = 29*d**2 + 1017*d + 8839. Give i(-19).
-15
Let w(r) = -11*r**3 - 618*r**2 + 1825*r - 257. Determine w(-59).
-21
Let u(s) = -34633*s - 831125. Calculate u(-24).
67
Let n(m) = 20*m**2 + 1794*m - 695. Give n(-90).
-155
Let s(c) = 5*c**3 + 36*c**2 - 85*c + 7. Determine s(2).
21
Let s(u) = u**3 + 121*u**2 + 996*u - 288. Give s(-112).
1056
Let s(g) = g**3 - 3*g**2 - 1008*g + 5940. Calculate s(6).
0
Let w(y) = -20198*y - 1918802. Give w(-95).
8
Let y(j) = -106*j - 4017. Determine y(-38).
11
Let v(p) = 78*p**2 - 531*p - 22728. What is v(-14)?
-6
Let m(k) = 122*k - 24134. What is m(199)?
144
Let a(x) = 84*x**2 - 161*x - 9. Calculate a(2).
5
Let z(h) = 625*h**2 - 12*h. What is z(0)?
0
Let v(n) = -5*n**2 - 471*n - 9306. Give v(-28).
-38
Let j(n) = -n**3 + 328*n**2 - 263*n - 20758. Determine j(327).
170
Let w(f) = 49356*f - 1135181. Calculate w(23).
7
Let g(b) = -31723*b - 380689. Give g(-12).
-13
Let a(b) = -b**3 + 29*b**2 + 992*b - 677. Calculate a(49).
-89
Let z(s) = s**2 + 49*s + 147. Determine z(-17).
-397
Let v(f) = -168763*f - 337509. Calculate v(-2).
17
Let g(m) = 32*m**3 + 2382*m**2 + 1036*m. What is g(-74)?
0
Let o(w) = 16*w**3 + 95*w**2 + 973*w + 5961. Give o(-6).
87
Let n(w) = 2*w**3 + 52*w**2 - w + 155. What is n(-26)?
181
Let d(i) = 333*i + 27877. Determine d(-98).
-4757
Let m(c) = -746*c**2 - 7436*c + 48. Calculate m(-10).
-192
Let r(d) = -d**3 + d**2 + 24*d + 590. Determine r(10).
-70
Let i(n) = 2*n**3 - 32*n**2 + 82*n - 85. Calculate i(14).
279
Let g(a) = 2*a**2 - 5520*a + 71421. Calculate g(13).
-1
Let x(k) = 19*k**2 - 13550*k - 66041. Determine x(718).
15
Let r(y) = 11*y**3 + 265*y**2 + 11*y - 266. Determine r(-24).
46
Let a(t) = 4*t**3 + 32*t**2 + 37*t - 122. Calculate a(4).
794
Let u(k) = 2*k**3 + 8*k**2 - 338*k - 547. Determine u(12).
5
Let v(w) = -17600*w - 140602. Calculate v(-8).
198
Let o(w) = -21293*w + 146472. Give o(7).
-2579
Let y(h) = -h**3 + 7*h**2 - 3077*h + 1. Determine y(0).
1
Let p(w) = 3731*w - 52192. What is p(14)?
42
Let r(f) = 4*f - 937. Determine r(-41).
-1101
Let m(l) = 12*l**3 - 464*l**2 - 151*l - 159. What is m(39)?
36
Let x(f) = f**3 + 260*f**2 - 564*f - 10460. Calculate x(-262).
20
Let j(q) = -646*q + 19371. Give j(30).
-9
Let y(x) = x**3 + 87*x**2 - 278*x + 176. Give y(-90).
896
Let o(h) = 92*h**3 + 8*h**2 - 17*h - 10. What is o(-2)?
-680
Let p(h) = -401*h - 74184. Calculate p(-177).
-3207
Let t(s) = 425*s - 24662. Calculate t(56).
-862
Let b(h) = -332122*h + 1328497. Determine b(4).
9
Let x(p) = -1933*p - 365363. What is x(-189)?
-26
Let m(g) = 300*g**3 - 11*g**2 - 15*g - 4. What is m(-1)?
-300
Let v(k) = 952*k + 191882. Give v(-201).
530
Let q(d) = -3924*d + 43179. Determine q(11).
15
Let m(t) = t**3 - 10*t**2 - 114*t + 69. Give m(17).
154
Let g(c) = 140*c + 20298. Give g(-141).
558
Let k(y) = 205*y - 32122. Give k(157).
63
Let y(h) = 6*h**2 - 52583*h + 52583. What is y(1)?
6
Let y(z) = z**2 + 17476*z + 139731. What is y(-8)?
-13
Let f(h) = 60*h - 1772. Determine f(33).
208
Let c(t) = -1795*t - 7152. Calculate c(-4).
28
Let a(r) = 7*r**3 - 6*r**2 + 4*r + 77. Give a(-7).
-2646
Let n(l) = -l**3 - 196*l**2 + 403*l + 1397. Calculate n(-198).
11
Let y(v) = -5074*v - 20330. Determine y(-4).
-34
Let u(y) = 1914*y - 56940. Give u(30).
480
Let p(q) = q**3 - 69*q**2 - 282*q - 362. What is p(73)?
368
Let g(p) = -2814*p + 292649. What is g(104)?
-7
Let j(v) = 5*v**2 - 455*v + 10049. What is j(37)?
59
Let s(d) = d**3 + 48*d**2 - 76*d - 3955. Calculate s(-48).
-307
Let q(u) = -3*u**3 - 50*u**2 + 132*u + 2473. Give q(-15).
-632
Let n(f) = 26*f**3 - 300*f**2 + 22*f + 26. Calculate n(12).
2018
Let b(p) = -p**2 + 181*p + 5652. Determine b(208).
36
Let y(g) = -45*g**2 - 1000*g + 1001. Calculate y(1).
-44
Let d(o) = -160680*o + 6105840. Give d(38).
0
Let n(m) = -8*m**3 - 402*m**2 - 103*m - 150. Calculate n(-50).
0
Let m(f) = 316*f**2 - 2*f - 24. Determine m(1).
290
Let h(i) = 17*i**2 - 5351*i + 80577. Determine h(15).
4137
Let o(a) = -32*a**3 - 10*a**2 + 11*a + 24. What is o(3)?
-897
Let q(s) = 2251*s**2 + 970*s + 970. Give q(-1).
2251
Let n(s) = s**3 - 375*s**2 - 1865*s + 79. Determine n(-5).
-96
Let m(d) = d**3 - 932*d**2 + 12164*d - 2809. Give m(13).
12
Let f(g) = -10237*g + 112693. What is f(11)?
86
Let g(s) = s**3 - 2*s**2 + 14*s - 82. What is g(7)?
261
Let k(i) = -i**3 + 43*i - 30. Give k(6).
12
Let o(h) = -546708*h - 2733542. Calculate o(-5).
-2
Let d(h) = -86*h**2 - 95*h - 51. What is d(-1)?
-42
Let c(w) = 88*w**2 + 7679*w + 2004. What is c(-87)?
3
Let x(f) = -19*f**2 + 989*f - 239. What is x(52)?
-187
Let m(d) = 2*d**3 - 61*d**2 - 18*d - 397. Determine m(31).
6
Let q(m) = 358*m**2 + 25061*m + 53. Calculate q(-70).
-17
Let h(x) = -3*x**2 - 53*x + 669. Give h(-29).
-317
Let x(q) = 8*q**3 - 1447*q**2 - 200*q + 3413. Determine x(181).
-26
Let o(i) = 2*i**2 + 245*i - 17828. Determine o(56).
2164
Let t(z) = 25351*z + 202672. Determine t(-8).
-136
Let s(c) = -2*c**2 + 245*c + 127. Give s(102).
4309
Let a(i) = 5548*i + 432747. Calculate a(-78).
3
Let m(u) = 33*u**2 + 398*u - 49. What is m(-12)?
-73
Let b(j) = 5339*j - 39621. Determine b(7).
-2248
Let t(p) = 275*p + 7358. What is t(-26)?
208
Let w(n) = 494*n**2 - 2463*n - 38. Calculate w(5).
-3
Let q(z) = 50*z**2 - 3461*z + 775. Calculate q(69).
16
Let l(x) = 8*x**3 + 3*x**2 + 412*x - 3159. What is l(8)?
4425
Let s(i) = 4726*i - 204241. Give s(43).
-1023
Let x(u) = 1714*u + 77133. Determine x(-45).
3
Let n(l) = l**3 + 9*l**2 + 77*l + 410. Calculate n(-6).
56
Let p(x) = x**3 + 12*x**2 - 558*x + 2966. Give p(7).
-9
Let s(l) = l**3 - 95*l**2 - 275*l + 26133. Calculate s(95).
8
Let n(b) = b**2 + 257*b + 8344. Determine n(-219).
22
Let t(a) = 12666*a + 12659. Ca